its digit of v?
5
Let v be 2 + -2 + 3 - 1. Suppose 2*i = -p - 5 - 0, p - v*i = -1. What is the tens digit of 10/(-5) + (32 - p)?
3
Let q be ((-18)/30)/((-2)/10). Suppose 3*t - 2*r + 3*r + 31 = 0, -2*t - q*r = 9. What is the tens digit of (44/t)/(-1)*3?
1
Suppose -16*r - 4*r + 31400 = 0. What is the units digit of r?
0
What is the units digit of (6/(-21))/(0 - (-2)/(-4354))?
2
Let s = -20 - -25. Suppose s*k + 160 = 10*k. What is the units digit of k?
2
Let x = 65 + -65. Let q = 39 + 11. Suppose x*c + 2*c = q. What is the units digit of c?
5
Suppose 0 = -j - 57 - 30. Let m = 125 + j. What is the tens digit of m - (-2 - -3 - 1)?
3
What is the units digit of 1222 + (-13 + 4 - -4)?
7
Let w be (0/(-5))/(-2*1). Suppose w = -g - 4*g + 400. What is the units digit of g?
0
Let i(c) = -c**3 - 26*c**2 - 115*c + 44. What is the units digit of i(-28)?
2
Suppose -3*f - f = 0. Suppose 0*x + 3*x - 291 = f. Let o = x + -45. What is the tens digit of o?
5
Suppose 0 = -4*b + 7 + 1, 4*b = -n + 734. What is the tens digit of n?
2
Let c = 234 + -231. Suppose 0 = n + 4*n + 15. What is the tens digit of -2*((n - 8) + c)?
1
Let a(t) = t**2 + 5*t - 11. Let n be a(-8). Suppose -2*y + 0*y = 3*m - 40, 4*m - 16 = 0. Suppose -y = -3*q + n. What is the units digit of q?
9
Suppose -4*c = 4*y, 0*c = 3*c - 5*y - 24. Suppose -b = 5*p - 9, 2*b - c = -p + 6. Suppose -b*r - 153 = -5*n, -35 = -n + 6*r - 3*r. What is the units digit of n?
9
Let q = 2063 + -1445. Suppose 27*t = 33*t - q. What is the tens digit of t?
0
Suppose -10*z + 11222 = 3062. What is the tens digit of z?
1
Suppose 0 = 15*d - 11*d - 2364. What is the hundreds digit of d?
5
Let r(y) = 0*y + 56*y**2 + 14*y**2 - y + 0*y. What is the units digit of r(-1)?
1
Let c be (-1 - 0 - -2)/((-127)/2794). Let m(t) = -t**2 - 3*t + 4. Let l be m(-3). What is the units digit of l + -1 - c/1?
5
Let g(m) = -m**2 - 11*m - 2 - 13 - 2*m. Let h(c) = -6*c**3 - 2*c + 1. Let j be h(1). What is the tens digit of g(j)?
2
Suppose -173*w + 1431 = -170*w. What is the tens digit of w?
7
Let b = 12 - 6. Let a(k) = k**3 - 5*k**2 + 2*k + 2. What is the tens digit of a(b)?
5
Suppose -3*f + 6036 = -3*t, 0 = 5*f + 4*t - 11437 + 1377. What is the units digit of f?
2
Let d be (-15)/(-2)*(-16)/4. Let r = -28 - d. Suppose 4*p - r - 162 = 0. What is the tens digit of p?
4
Let b be (-2*(-3 - -14))/(-2). Suppose -b*f - 102 = -14*f. What is the tens digit of f?
3
Let k(c) = -3*c - c - 4*c**2 - 10*c**3 + 4*c**3 - 3. What is the units digit of k(-2)?
7
Let g(z) = 2*z**3 + 8*z**2 + 10*z - 26. Let y be g(7). What is the units digit of (7*2)/(11/(y/12))?
9
Let x(l) = -l + 29. Suppose 0 = 3*y - 2*r - 53, 0 = -y - r + 18 + 3. What is the tens digit of x(y)?
1
Suppose 2*o - 219 = -h + 385, 3*h + o - 1812 = 0. What is the units digit of h?
4
Suppose 3*o + 2*o - x = 1580, 5*x - 1293 = -4*o. What is the tens digit of o?
1
Suppose -3*i + 7 = z, i + i = -2*z + 10. Let h = 7 - i. Suppose 22 = h*n - 290. What is the units digit of n?
2
Suppose -7*y + 22605 + 11674 = 0. What is the units digit of y?
7
Suppose q - 9 = 5*z, -2*q - z - 27 = -2*z. Let p be q/(-6) - (-2)/(-3). Suppose p*d - 94 = 4*j, 0 = -3*d - j + 4*j + 132. What is the tens digit of d?
4
Let t = -593 - -3078. What is the tens digit of t?
8
Suppose 5*r + 5*b + 135 = 0, 2*b - 6 = 4*b. Suppose 4*j + 2*m = 7*m + 158, 4*m = -4*j + 176. What is the units digit of r/18*j/(-4)?
4
Let s(t) = 2*t**2 + t - 7. Suppose 90*n - 94*n - 36 = 0. What is the units digit of s(n)?
6
Let h(d) = d**2 - 8*d - 10. Suppose -y - 47 = -4*f, 2*f + 11 = -5*y + 62. What is the tens digit of h(f)?
5
Suppose 120 = 2*u + 2*a + 2*a, 0 = a. Let t be -2*(-31 - 3) + -5. Suppose -3*l + u + t = 0. What is the tens digit of l?
4
Suppose 0 = 3*m + 5*z - 919, -5*m + 1776 - 233 = -3*z. What is the tens digit of m?
0
Suppose 5*b - 5*r = 530, -3*r - 528 = -4*b - 106. What is the tens digit of b?
0
Suppose 12 = -12*t + 10*t. Let z = 89 + t. What is the tens digit of z?
8
Let c = 35 + -22. Suppose v + t = 51, 3*t + 80 - c = v. What is the tens digit of v?
5
Let f(h) = -h**3 - 18*h**2 - 17*h. Let q be f(-17). Suppose 2*b + 3*b - 65 = q. What is the units digit of b?
3
Let b(v) = 4*v**2 + 24*v + 18. Let f = -50 + 41. What is the tens digit of b(f)?
2
Let v be (2 - -13)/(-7 - -6). Let t = v + 17. Suppose -t = -g + 5. What is the units digit of g?
7
Suppose 4*p - 1446 = -x, 8*x - 4*p = 6*x + 2940. What is the thousands digit of x?
1
Let k = 21 + -14. Let c be k/(28/8) - -20. What is the units digit of 1/6 + c/12?
2
Suppose 4*i - 7*i = -9. Let l(h) = h**3 + 4*h**2 - 7*h + 5. Let g be l(-5). Suppose 5*r = i*s - 72, -g = r + 4*r. What is the units digit of s?
9
Suppose 5*s = -b - 0*s + 301, -4*b - 2*s = -1150. What is the tens digit of b?
8
Let y(m) = -67*m + 23. Let u be y(6). Let i = u - -705. What is the hundreds digit of i?
3
Let f(j) = 2*j**2 - 441*j + 876*j - 438*j. Let v(n) = -n**3 - 7*n**2 - 6*n - 3. Let r be v(-6). What is the tens digit of f(r)?
2
Suppose -3*m + 4*z + 1562 = 0, -4*m + 805 + 1283 = -4*z. What is the units digit of m?
6
Suppose 0*c - 2*n - 14 = -2*c, 3*c = -n + 13. Suppose -173 + 423 = c*k. What is the units digit of k?
0
Let n(u) = 5*u**3 - 22 - 6*u**3 + 19*u**2 - 14*u**2 + 8*u**2 + 20*u. What is the units digit of n(14)?
2
What is the thousands digit of ((-152415)/(-20))/3 + 55/(-44)?
2
Suppose q - 2104 = -5*o, 2*o - 2092 = -0*q - q. What is the hundreds digit of q?
0
Let y = 11 - 11. Let i be (-3 - -4)*(y - -43). Suppose -i - 173 = -3*t. What is the units digit of t?
2
Suppose -5*f - 1426 = -361. Let n be (-2)/8 + f/12. Let r = n + 27. What is the units digit of r?
9
What is the hundreds digit of (701 - -39)*(3 + (-21)/(-5))?
3
Let d be (-52)/32 - 12/32. What is the tens digit of 42*d/5*-5?
8
Suppose 0 = 6*l + 7*l - 6565. What is the units digit of l?
5
Let a = 17 - 14. Suppose 0 = d - 5*x - 17, -4*d + 47 = -2*d + a*x. What is the tens digit of d + (2 - (-3 - -6))?
2
Let y(c) be the second derivative of c**5/20 - c**4/12 + c**3/3 + 4*c. Let s be y(2). Suppose -3*l = -l - s. What is the units digit of l?
4
Let n(o) = -o**2 + 6*o + 1110. What is the hundreds digit of n(0)?
1
Suppose 19*o = -53*o + 197568. What is the units digit of o?
4
Let k(g) = -2*g**3 - g**2 - g + 341. What is the units digit of k(0)?
1
Let f = 24 + -68. Let a = 97 + f. What is the tens digit of a?
5
Let o = -5 + 11. Suppose -4*s + 42 = -o. What is the units digit of s/28 + 288/14?
1
Let v(a) = -19*a + 392. What is the thousands digit of v(-37)?
1
Let l = 54 - 9. What is the tens digit of l?
4
Let q = -979 + 1704. What is the hundreds digit of q?
7
What is the thousands digit of 4089/(9*5/45)?
4
Let r(t) be the third derivative of 13*t**7/2520 + t**5/40 - 5*t**4/24 - 7*t**2. Let q(v) be the second derivative of r(v). What is the tens digit of q(2)?
5
Let i = 890 + -490. What is the hundreds digit of i?
4
Let g(l) = l**3 + 19*l**2 - 8*l + 18. What is the thousands digit of g(-12)?
1
Let m = -181 - -289. Suppose y + 0*y + 70 = 0. Let s = m + y. What is the units digit of s?
8
Let k = 3239 - 523. What is the units digit of k?
6
Let g = -94 + -81. Let t = g + 353. What is the tens digit of t?
7
Let a be -1 + -3 + (-9)/(-1). Suppose 2*g + 2*g - 3*r = 371, 2*r + 469 = a*g. What is the units digit of g?
5
Let x = -42 - -224. What is the tens digit of x?
8
What is the units digit of ((-228)/10 - -8)*(-6 + 1)?
4
Suppose 311 = -6*v + 95. Let w = v - -111. What is the tens digit of w?
7
Let v be (1*-15)/(-5) + 22. Let g be v - (0 + -5 + 3). Suppose 5*i - 38 = -0*i - 4*a, -3*i + g = a. What is the units digit of i?
0
Let v(c) = c + 7. Let s be v(-5). Suppose -z + 59 = -5*a, -7*z - 29 = s*a - 2*z. What is the units digit of (-76)/(-12) - (-4)/a?
6
Let m(t) = -t**2 + 135*t + 100. What is the hundreds digit of m(68)?
6
Suppose 6*m - 150 = -126. Suppose -3*j - 9 = 0, -4*a + j - 6 + 21 = 0. Suppose -m*h + a*p + 172 = 0, 3*p - 23 = -h + 5. What is the units digit of h?
0
Let y(n) = 2*n - 20. Let q be y(10). Suppose 5*d - 48 - 2 = q. Let r = d - -22. What is the tens digit of r?
3
Let k(u) = -51*u - 31. Let g be k(4). Let a = g + 379. What is the hundreds digit of a?
1
Suppose -3*d + 848 = -4*o, -o + 1156 = -d + 5*d. Suppose -4*g = -0*g - d. What is the units digit of g?
2
Let t(m) = 